ose 6*b = b + v. List the prime factors of b.
2
Suppose 3*d = -9, -752 = -c - 0*d + 4*d. What are the prime factors of c?
2, 5, 37
Let d(l) = -12*l + 11. Let g be d(3). List the prime factors of ((-90)/g + -4)*-185.
2, 37
What are the prime factors of (-1)/(-2) - 1586/(-4)?
397
Let c(s) = s**3 - 5*s**2 - 9*s + 2. Let i be -2 + (-1 - -3 - 0). Suppose 6*x - x - 35 = i. List the prime factors of c(x).
37
Let d be (-1 - 1)*(-12)/24. Suppose 2*x - 7 = -d. List the prime factors of x.
3
Let m = 483 - 267. What are the prime factors of m?
2, 3
Let d = 3 - 1. Suppose d*n - 3 + 0 = i, -2*n = 3*i - 31. Suppose 4*a = 21 + i. List the prime factors of a.
7
Suppose 0 = 3*b + 2*b - 2*a + 9, 0 = -a - 3. What are the prime factors of (-1)/b - (-28)/6?
5
Let n be (1*-4)/(2 + -3). Let j(x) = x + 40. Let p be j(-11). Let g = p - n. What are the prime factors of g?
5
Let f(j) = -11*j + 4. Let m be f(6). Let q be (-2)/(-10) - m/(-10). Let z(g) = -g + 7. What are the prime factors of z(q)?
13
Let f(d) = -2*d - 11. Let n be f(5). Let w = 16 - n. What are the prime factors of w?
37
Suppose 0 = -0*i - 4*i + 216. Suppose 44 = -2*m - 2*m. Let g = i + m. What are the prime factors of g?
43
Let a be (-6)/10 - (-207)/45. What are the prime factors of ((-20)/8 + a)*10?
3, 5
Let c(y) = 5*y**3 - 104*y**2 - 14*y + 51. List the prime factors of c(22).
2647
Let y be (0/(-4))/(-1 - 1). Suppose -5*v - m + 307 = -2*m, v - m - 63 = y. What are the prime factors of v?
61
Suppose -2*p - 21 - 23 = 0. What are the prime factors of (-1360)/p - (-16)/88?
2, 31
Let z(l) = -3*l**2 - 8*l - 2. Let t be z(-3). Let o = -7 - t. Let k = 18 - o. What are the prime factors of k?
2, 5
Suppose -29 = -4*m + 55. What are the prime factors of ((-54)/m)/(1/(-7))?
2, 3
Suppose 3*i - 15 = 0, -4*a = a + 5*i - 35. Suppose -a*p = 4*p - 372. List the prime factors of p.
2, 31
Let k = -593 + 1487. What are the prime factors of k?
2, 3, 149
Let m = -15 + 10. Let t be 3 - (-3 - m)*7. Let c = 19 - t. What are the prime factors of c?
2, 3, 5
Let j = 797 + -362. What are the prime factors of j?
3, 5, 29
Suppose 0 = -8*q + 3*q + 2445. List the prime factors of q.
3, 163
Let o = 27 + -36. Let p = 0 - o. List the prime factors of p.
3
Let m(l) = 102*l - 665. What are the prime factors of m(12)?
13, 43
Suppose 3*j - 1331 = -2*i, -5*i + 1378 + 1947 = 5*j. Suppose -i + 118 = -3*r. List the prime factors of r.
2, 7, 13
Let a = 11 + -7. Let f(l) = 2*l**3 - 4*l**2 + 2*l - 2. Let z be f(a). Suppose o - 3*o + 5*k + 28 = 0, 3*k = 4*o - z. List the prime factors of o.
19
Suppose -4*z = -6*g + g - 9870, 5*g - 9850 = -4*z. What are the prime factors of z?
5, 17, 29
Let m(v) = -4*v - 9. Let o be m(-6). Suppose -10*h + o*h - 50 = 0. List the prime factors of h.
2, 5
Let u be 0 + 1 + -1 + 22. Let k(b) = -38*b - 150. Let l be k(-4). Suppose d - 4*a = 29, -l*d + a - u = -4*d. List the prime factors of d.
13
Let z(p) = 19 + 21 - 26 - 11*p**2 + p**3 + 9*p. Let x be z(10). Suppose 4 = 4*h + x*k, 2*h - k = -4*k - 3. What are the prime factors of h?
2, 3
List the prime factors of (115/23 + -2*5)*-105.
3, 5, 7
Suppose -16*f + 3*f + 4134 = 0. Let p = f - 215. List the prime factors of p.
103
Suppose -126*v = -121*v - 230. What are the prime factors of v?
2, 23
Suppose 0*l + 917 = -7*l. What are the prime factors of (-2 + 1)*(l + 24)?
107
What are the prime factors of 348/8*(-96)/(-9)?
2, 29
Let m(k) = -k + 11. Let i be m(7). Suppose y = i*n + 1 + 3, -2*n = -y. List the prime factors of 2*(-1)/(n/62).
2, 31
Suppose -74*u = -36*u - 103208. List the prime factors of u.
2, 7, 97
Let j(y) = 10*y**2 - 3*y + 59*y**2 + 9*y**2 + 2*y. List the prime factors of j(-1).
79
List the prime factors of 2549*-10*4/(-40).
2549
Let h be 2256/42 + (-4)/(-14). Let d = -300 + h. List the prime factors of 6/10 - d/15.
17
Suppose p = -m + 16, -5*m = -p - 0 + 4. Let q = p + -9. Suppose 4*f - 30 = q*k - 396, -k - f = -66. What are the prime factors of k?
2, 5, 7
Let l be (-16)/(-6) - 4/6. Let v(i) = -4 - 53*i + 3 - 57*i + 180*i - 62*i. What are the prime factors of v(l)?
3, 5
Let h(q) = -15*q**3 - 5*q**2 - 6*q - 1. List the prime factors of h(-3).
13, 29
Let l = -76 + 390. What are the prime factors of l?
2, 157
Let t(g) = -7*g**3 + 16*g**2 + 7*g + 7. Let y(c) = -6*c**3 + 15*c**2 + 7*c + 7. Let a(k) = -5*t(k) + 6*y(k). List the prime factors of a(6).
193
Suppose -m + 10460 = 19*m. List the prime factors of m.
523
Let o = 932 - 225. Let t = -398 + o. List the prime factors of t.
3, 103
Let q = -1278 + 694. Let l = -369 - q. What are the prime factors of l?
5, 43
Let k = -3584 - -5126. What are the prime factors of k?
2, 3, 257
Let l(t) = 7*t - 3. Let q be l(6). Suppose 0*d + q = d. List the prime factors of d.
3, 13
Suppose 52*v - 63184 = -3696. What are the prime factors of v?
2, 11, 13
Let r(v) be the first derivative of v**4/4 + 2*v**3 + 2*v**2 + 8*v + 21. List the prime factors of r(-5).
13
Let c be -2 + (178 - 3 - (-6)/(-3)). Suppose -10*l + 11*l = c. What are the prime factors of l?
3, 19
Let v(a) = -42*a + 3. Let h be v(-2). Suppose 0 = -c - 4*q + 225, -2*c + q + h = -318. Suppose 4*p = -p + c. What are the prime factors of p?
41
What are the prime factors of (-11*(-1)/55)/(1/2305)?
461
Let q(m) = m**3 - 12*m**2 + 15*m - 13. Suppose -150 = 14*c - 19*c. Let w = 41 - c. What are the prime factors of q(w)?
31
Let i = 399 - 264. Let r = i + -26. Suppose -39 = 5*g - r. What are the prime factors of g?
2, 7
Suppose 3*p - 3*n - 738 = 0, -308 = -2*p - 4*n + 184. List the prime factors of p.
2, 3, 41
Let x = 100 - 67. Suppose 4*t - t = x. Suppose -9*d = -t*d + 100. List the prime factors of d.
2, 5
What are the prime factors of (-19 - 0)/((-70)/23 - -3)?
19, 23
Suppose -5*z + 4*x = -13075 - 1313, 0 = 4*z - 2*x - 11514. Suppose -6*w + 16*w - z = 0. What are the prime factors of w?
2, 3
Let g(u) = -7*u**3 + 5*u**2 + 5*u. Let q be g(-2). Suppose q = 10*r - 4*r. What are the prime factors of r?
11
List the prime factors of -5 - ((-1212645)/280 + 1/(-8)).
2, 3, 7, 103
Let l(c) = -4*c**2 - 39*c. What are the prime factors of l(-9)?
3
Suppose -12*z + 135 = -33. Suppose -2792 = -z*v - 34. What are the prime factors of v?
197
Suppose 4134 = 3*w - 4*z, 2*w - 15*z - 2756 = -11*z. List the prime factors of w.
2, 13, 53
Let d = 2274 - 928. What are the prime factors of d?
2, 673
Suppose 4*c = -5*h + 837 - 167, -5*c - 2*h + 829 = 0. Suppose 0 = 4*t - 183 - c. Let v = t - 44. List the prime factors of v.
43
Let l = 10 - 52. Let p = l - -107. List the prime factors of p.
5, 13
Let i(y) = -y - 1. Let c(p) = -1. Let x(j) = -3*c(j) - 3*i(j). Let o be x(-2). Suppose o = 7*s - 27 - 330. List the prime factors of s.
3, 17
Let x(c) = c - 1. Let z be x(-6). Let v = 58 - 28. Let w = z + v. What are the prime factors of w?
23
Let r(m) = -m**3 - 3*m**2 + 3*m - 19. Let s be r(-10). Suppose -3*w - 162 + s = 0. List the prime factors of w.
163
Let i = 101 + -85. List the prime factors of i/104 - (-3636)/26.
2, 5, 7
Suppose -8*z - 11 = -7*z. Let v = z + 50. List the prime factors of v.
3, 13
Let m = 3238 - 1890. What are the prime factors of m?
2, 337
Let q(h) = 46*h + 50. Let c be q(14). Let m = -456 + c. What are the prime factors of m?
2, 7, 17
Let r = -1231 + 1611. What are the prime factors of r?
2, 5, 19
Let t(j) = -24*j - j**2 + 0 - 18 + 1. List the prime factors of t(-16).
3, 37
Let m(d) = -d**3 + 13*d**2. Let n be m(13). Suppose -28 = -5*o - 3*b, 2 = 2*b - n*b. Suppose -o*r + 92 = -r. List the prime factors of r.
23
Let u(n) = 6*n - 2. Let a be u(1). Let r be (-1005)/10*a/(-6). Let f = r + -39. List the prime factors of f.
2, 7
Let d(l) = l**2 + l + 6. Let o be d(0). What are the prime factors of o/48*0 + 1 + 209?
2, 3, 5, 7
Let o(j) be the third derivative of -j**6/120 - j**5/20 + 5*j**4/24 - 3*j**3/2 + 10*j**2. What are the prime factors of o(-6)?
3, 23
Let h be (10/4)/(2/4). Suppose 5*a - 290 = -5*b, b - 3*a + 233 = h*b. Suppose -o = -3*d + 1, 0 = -5*o - 2*d + 4 + b. What are the prime factors of o?
11
Let a be (2 + 3 - 2) + 1. Suppose 0 = a*x + 45 + 15. Let s = x + 18. List the prime factors of s.
3
Let o = 112 + -120. What are the prime factors of 3 - -58 - (-8)/o?
2, 3, 5
Let w(n) = -n**3 + n**2 + n - 2. Let o = 3 - 6. List the prime factors of w(o).
31
Suppose 2*u - 13 = -5*m, -2*m